t is z(12)?
1
Let q(h) = h**3 - 25*h**2 + 24*h + 30. Give q(24).
30
Let z(v) = v**3 - 6*v**2 - 9*v + 4. Determine z(7).
-10
Let x(z) = -12*z - 76. Calculate x(-6).
-4
Let o(s) = -s**3 - 26*s**2 + 14. Calculate o(-26).
14
Let c(t) = -10*t + 28. What is c(12)?
-92
Let i(t) = -t**3 - 5*t**2 + 6*t + 16. Give i(-5).
-14
Let o(k) = 4*k + 14. What is o(-5)?
-6
Let f(h) = 8*h**3 + 3*h**2 - h - 4. What is f(2)?
70
Let f(u) = -7*u**2 - 124*u + 38. Determine f(-18).
2
Let n(t) = t**3 + 4*t**2 - t - 7. Calculate n(-3).
5
Let c(q) = -q**3 - 30*q**2 - q - 25. Determine c(-30).
5
Let y(m) = -6*m - 40. What is y(-13)?
38
Let q(s) = s**2 + 10*s - 14. Calculate q(-11).
-3
Let a(s) = 2*s - 9. What is a(-1)?
-11
Let p(c) = -c**2 - 10*c + 23. What is p(-10)?
23
Let t(h) = -h**2 - 7*h - 1. Give t(-6).
5
Let t(z) = z**3 + 13*z**2 + 29*z - 11. What is t(-10)?
-1
Let g(a) = 3*a - 36. Determine g(10).
-6
Let p(m) = -m**2 - 5*m + 129. Determine p(9).
3
Let j(u) = u + 2. Give j(3).
5
Let x(l) = -11*l - 358. Determine x(-32).
-6
Let u(o) = o**3 - 8*o**2 + 4*o + 4. Give u(7).
-17
Let p(k) = -k**3 + 2*k**2 + 6*k - 6. Calculate p(5).
-51
Let g(i) = -2*i**3 + 4*i**2 - 4*i + 2. Calculate g(3).
-28
Let p(u) = u**3 - u**2 - u + 3. Determine p(0).
3
Let x(l) = 46*l - 32. What is x(1)?
14
Let g(w) = w**3 - 12*w**2 - 15*w + 25. Determine g(13).
-1
Let a(y) = y**3 - 9*y**2 + 12*y + 27. Determine a(7).
13
Let g(d) = 212*d + 1485. Determine g(-7).
1
Let g(r) = 7*r + 8. Give g(-6).
-34
Let z(d) = d**2 + 7*d + 2. Give z(-7).
2
Let a(g) = -5*g + 6. Calculate a(3).
-9
Let x(j) = -j**3 - 14*j**2 - 12*j + 11. Give x(-13).
-2
Let r(i) = -2*i**2 + 8*i - 6. Determine r(5).
-16
Let i(o) = o**3 - o**2 - 7. Determine i(0).
-7
Let q(v) = 34*v + 266. Give q(-8).
-6
Let g(m) = -8*m**3 - 5*m**2 - 5*m. Give g(-2).
54
Let c(h) = -h**3 + 21*h**2 - 21*h + 22. What is c(20)?
2
Let h(o) = -2*o**3 + 7*o**2 + 5*o. What is h(4)?
4
Let h(g) = g**3 + g**2 - 4*g + 7. What is h(-3)?
1
Let z(f) = 4*f**2 - 3*f - 13. What is z(3)?
14
Let g(p) = -2*p**3 - 9*p**2 + 10*p + 35. Determine g(-5).
10
Let v(i) = -38*i - 27. Give v(-5).
163
Let n(f) = -f**3 + 2*f**2 + 8*f - 7. Give n(5).
-42
Let n(l) = 3*l - 3. Give n(1).
0
Let x(c) = -c**3 - 41*c**2 - 43*c - 129. Calculate x(-40).
-9
Let d(h) = -10*h - 3. What is d(-4)?
37
Let c(b) = 4*b**2 - 46*b + 61. Determine c(10).
1
Let y(m) = m**3 + 11*m**2 + 20*m + 14. Determine y(-9).
-4
Let q(j) = j**3 + 8*j**2 - 10. Give q(-8).
-10
Let g(j) = -2*j + 7. What is g(4)?
-1
Let d(l) = l**2 + 23*l + 25. Give d(-22).
3
Let i(o) = -2*o**2 + 13*o - 9. Calculate i(4).
11
Let f(h) = h**3 - 12*h**2 - 16*h - 3. Calculate f(13).
-42
Let b(u) = u**3 + u**2 - 10. What is b(0)?
-10
Let n(i) = 11*i - 93. Calculate n(9).
6
Let g(d) = -d + 14. Calculate g(6).
8
Let c(f) = 86*f + 512. Determine c(-6).
-4
Let k(y) = -y**3 + 6*y**2 - 15*y + 25. What is k(4)?
-3
Let n(f) = -12*f - 2. Give n(2).
-26
Let v(n) = -n**2 - n + 5. Calculate v(-5).
-15
Let n(m) = -3*m**2 + 39*m - 60. Determine n(11).
6
Let y(a) = 10*a**2 - 30*a + 29. Determine y(1).
9
Let i(t) = -t**2 + 159. Determine i(13).
-10
Let o(w) = 10*w + 17. What is o(-2)?
-3
Let y(m) = -m**2 + 22*m - 28. Determine y(20).
12
Let f(c) = 6*c**2 + 101*c - 13. Determine f(-17).
4
Let v(j) = 25*j**3 - 3*j - 2. Calculate v(-1).
-24
Let n(o) = 2*o**2 + 2*o - 4. Calculate n(-4).
20
Let b(n) = n**2 + 14*n - 57. What is b(-17)?
-6
Let i(z) = -3*z**2 - 33*z - 62. Calculate i(-7).
22
Let z(l) = l**3 + 9*l**2 + 4*l + 13. What is z(-9)?
-23
Let g(m) = m + 17. Determine g(-9).
8
Let t(p) = -2*p - 1. Calculate t(8).
-17
Let b(j) = 8*j - 39. Give b(5).
1
Let j(b) = -b**3 - 15*b**2 - b - 19. Give j(-15).
-4
Let q(c) = c**3 + 8*c**2 + 14. Calculate q(-8).
14
Let a(v) = -v - 21. Calculate a(-25).
4
Let y(o) = -42*o + 295. Calculate y(7).
1
Let a(p) = p**2 + p + 3. Determine a(-2).
5
Let c(f) = f**3 - 12*f**2 + 16*f - 6. Give c(10).
-46
Let i(a) = -a**2 - 8*a + 25. Calculate i(-11).
-8
Let d(o) = -16*o + 7. Give d(3).
-41
Let i(l) = -3*l + 7. What is i(3)?
-2
Let p(z) = -z**3 - 5*z**2 + 7*z + 13. What is p(-6)?
7
Let q(y) = -y**2 + 10*y - 20. Give q(7).
1
Let q(d) = d**2 + 6*d - 8. Determine q(-6).
-8
Let x(v) = v - 2. Calculate x(4).
2
Let r(a) = -a**3 - 4*a**2 + 5*a - 4. Give r(-6).
38
Let u(y) = -3*y. Give u(1).
-3
Let q(d) = 2*d**2 - 8*d - 15. Determine q(8).
49
Let a(o) = 20*o**2 - 2*o + 2. What is a(1)?
20
Let h(g) = g**2 - 6*g + 8. Give h(6).
8
Let c(d) = d**2 - 7*d - 50. Calculate c(9).
-32
Let s(k) = -k**3 + 11*k**2 - 13*k - 35. What is s(9)?
10
Let s(f) = -2*f - 51. What is s(-24)?
-3
Let c(u) = u**3 - 15*u**2 - 2*u + 21. What is c(15)?
-9
Let z(m) = m - 18. Determine z(10).
-8
Let g(v) = -v**3 - 14*v**2 + 14*v - 16. What is g(-15)?
-1
Let m(w) = -2*w**2 + 27*w - 11. What is m(13)?
2
Let s(c) = c**2 + 7*c + 25. What is s(-15)?
145
Let r(a) = a**2 + 23*a - 147. Determine r(5).
-7
Let h(w) = w**3 - 10*w**2 - 10. Calculate h(10).
-10
Let a(i) = 23*i - 4. Determine a(3).
65
Let g(y) = 11*y + 8. Determine g(-2).
-14
Let p(o) = 19*o**3 + 2*o**2 - o + 1. Give p(1).
21
Let m(v) = -v**2 + 6*v + 11. Calculate m(6).
11
Let o(n) = n + 3. Calculate o(-11).
-8
Let w(p) = -p**3 + 2*p**2 + 4*p - 5. What is w(2)?
3
Let f(u) = -7*u**2 - 3*u - 4. Determine f(-2).
-26
Let h(t) = -5*t - 38. Give h(-7).
-3
Let n(c) = c**2 + 15*c - 15. What is n(0)?
-15
Let x(y) = 4*y**3 + 2*y**2 - 1. Give x(-2).
-25
Let c(z) = z**3 - 18*z**2 + 3*z - 14. Calculate c(18).
40
Let i(l) = -39*l**3 - 2*l**2 - 2*l - 1. Determine i(-1).
38
Let y(v) = 76*v - 86. Calculate y(1).
-10
Let y(v) = -v**2 - 6*v + 22. Determine y(7).
-69
Let r(f) = -f**3 - 5*f**2 - 29*f - 70. Determine r(-3).
-1
Let y(h) = -3*h**2 - 38*h - 22. Give y(-12).
2
Let w(y) = 4*y - 40. Calculate w(16).
24
Let w(l) = -7*l - 128. Calculate w(-19).
5
Let l(q) = q**3 + 10*q**2 + 10*q + 2. Calculate l(-9).
-7
Let u(v) = -v**3 + 9*v**2 - 9*v - 1. Give u(8).
-9
Let r(f) = f**2 + 7*f - 9. Determine r(-4).
-21
Let o(c) = -9*c + 49. Calculate o(6).
-5
Let h(b) = b**3 - 7*b**2 - 43*b - 6. Calculate h(11).
5
Let j(p) = p**3 - 14*p**2 + 13*p + 4. Determine j(13).
4
Let x(i) = 3*i - 30. Give x(12).
6
Let p(n) = -4*n**3 + n**2 - n + 1. Calculate p(1).
-3
Let s(k) = k - 24. What is s(-11)?
-35
Let h(l) = 5*l + 2. Give h(-3).
-13
Let x(r) = -4*r + 1. What is x(-1)?
5
Let u(q) = -q**3 + 6*q**2 + 14*q + 4. Calculate u(7).
53
Let t(r) = 52*r + 302. Determine t(-6).
-10
Let d(f) = f**3 - 3*f**2 + 5*f - 23. What is d(3)?
-8
Let g(w) = 20*w + 130. Determine g(-6).
10
Let f(b) = b**2 + 25*b + 106. What is f(-20)?
6
Let l(a) = a + 17. What is l(-13)?
4
Let n(q) = -q**2 - 25*q + 19. Calculate n(-26).
-7
Let s(n) = -n**2 - 15*n + 23. What is s(-16)?
7
Let b(q) = -q**2 + 12*q - 21. Give b(9).
6
Let m(v) = -3*v - 18. Calculate m(7).
-39
Let q(c) = -c**3 - 6*c**2 + 7*c - 1. Give q(-7).
-1
Let s(y) = y**2 + 3*y + 15. Determine s(9).
123
Let l(i) = -i**3 - 3*i**2 + 5*i + 8. Calculate l(-4).
4
Let o(p) = -5*p - 35. Give o(-8).
5
Let s(b) = -6*b - 3. What is s(-1)?
3
Let b(j) = 74*j + 452. What is b(-6)?
8
Let p(c) = 4*c + 123. Determine p(-28).
11
Let z(j) = j**3 + 8*j**2 - 13*j - 19. What is z(-9)?
17
Let t(j) = 2*j**2 - 4*j - 4. Give t(3).
2
Let y(c) = c**3 + 8*c**2 + 8*c - 4. Calculate y(-4).
28
Let f(z) = 2*z**2 - 21*z - 3. What is f(11)?
8
Let d(b) = b**2 + 30*b + 50. Determine d(-28).
-6
Let k(d) = 9*d**2 - 6*d - 12. What is k(-3)?
87
Let w(v) = -v**3 - 5*v**2 + 9*v + 4. Determine w(-6).
-14
Let p(n) = 4*n + 134. What is p(-34)?
-2
Let m(x) = -x**3 - 22*x**2 - 20*x + 7. What is m(-21)?
-14
Let l(i) = i - 6. Determine l(16).
10
Let k(s) = s**2 + 8*s - 7. Give k(-9).
2
Let p(w) = 9*w**3 - 5*w + 4. Give p(1).
8
Let g(y) = -7*y. Give g(-8).
56
Let d(k) = -k**2 + 4*k + 3. Give d(-1).
-2
Let g(z) = -20*z + 446. What is g(22)?
6
Let u(g) = g**3 + 16*g**2 + 15*g + 14. What is u(-15)?
14
Let h(t) = t**2 + 6*t - 11. Determine h(-6).
-11
Let n(m) = -9*m + 5. What is n(2)?
-13
Let b(w) = -23*w + 49. What is b(-10)?
279
Let c(h) = -201*h - 607. Determine c(-3).
-4
Let x(u) = -2*u**2 - 41*u + 1. Determine x(-21).
-20
Let h(w) = w**3 - w**2 - 6. Give h(0).
-6
Let t(h) = 2*h**2 + 9*h + 15. Determine t(-5).
20
Let o(w) = 4*w + 2. What is o(2)?
10
Let x(z) = -10*z - 58. What is x(